se -4*w = -3*w - 18. Let s(p) = 18*p + 3. Let t(u) = -27*u - 4. Let o(m) = 7*s(m) + 5*t(m). Calculate the remainder when w is divided by o(-1).
8
Calculate the remainder when 12 is divided by 10/4*((-48)/(-10))/3.
0
Suppose -22 = -5*g - 2*m, -2*g - 5*m - 3 = -16. Suppose 5 = g*v - 11. Calculate the remainder when 14 is divided by v.
2
Let t(q) = q**3 + 35*q**2 + 67*q + 48. Let r be (-4)/18 - 79/9. Calculate the remainder when t(-33) is divided by (r/2)/((-6)/8).
3
Let w = -23 - -1. Let q = 3 - w. What is the remainder when 72 is divided by q?
22
What is the remainder when (-60)/150 + 807/5 - 6 is divided by 34?
19
Suppose -234*u = -219*u - 285. What is the remainder when ((-8)/10)/((-4)/350) is divided by u?
13
Let y(t) = 2*t**2 + 7*t - 148. Calculate the remainder when y(-14) is divided by 75.
71
Let v = -430 + 458. What is the remainder when v is divided by 16?
12
Let m be 15*(2 - (-60)/(-25)). Let c = 37 - 19. Calculate the remainder when ((-10)/m + 16/(-6))*-52 is divided by c.
16
Suppose -10 = -i - 3*m, -20 = -3*i - 5*m + m. Suppose -14 - 8 = -s. Calculate the remainder when s is divided by i.
2
Let t = 22 - 9. Let m = -56 - -113. Suppose -3*a + 15 = -m. What is the remainder when a is divided by t?
11
Let d be 21/168 - (-23)/8. Suppose 0 = -d*n - 22 + 82. Calculate the remainder when 77 is divided by n.
17
Suppose -101 = -4*v + 3*l, -3*l + 2 - 25 = -v. Suppose 0 = 4*x + 3*w - 78, w = -2*x + 6*w + v. Let b = -15 + x. Calculate the remainder when 8 is divided by b.
2
Let t(q) = q + 9. Let p be t(-7). Let g = p - -13. Suppose 0 = -2*j + 2*m + 65 - g, 0 = -3*m. Calculate the remainder when 47 is divided by j.
22
Let i(f) = 50*f + 52. What is the remainder when i(2) is divided by 31?
28
Suppose -21*f = 41*f - 95976. Calculate the remainder when f is divided by 33.
30
Let s = 233 - -1038. Calculate the remainder when s is divided by 91.
88
Suppose 3*w - 53 = 2*p, 0 = -2*p + 3*p - w + 25. Let k = -5 + p. Calculate the remainder when 21*(-3)/(k/33) is divided by 13.
12
Let k = 930 + -350. Calculate the remainder when k is divided by 53.
50
Suppose 11*u - 447 - 686 = 0. What is the remainder when u is divided by 2?
1
Suppose -6 = 7*g + 8. Let z(p) = -p + 10. Calculate the remainder when 43 is divided by z(g).
7
Let n be (-1)/((-1)/50)*1/(-1). Let o = n + 72. Calculate the remainder when 41 is divided by o.
19
Suppose 17*o - 247 - 195 = 0. What is the remainder when o is divided by 15?
11
Let i = -226 - -241. Calculate the remainder when (-6)/(0 - 2/24) is divided by i.
12
Let f = 105 - 38. Suppose -42 = -4*x - 2*n, 11 = -x + 3*n + 32. Calculate the remainder when f is divided by x.
7
Let g(t) = t**2 - 16*t + 15. What is the remainder when 95 is divided by g(16)?
5
Suppose -34*h - 452 = -1982. Calculate the remainder when h is divided by 10.
5
Suppose f + 2*y - 29 = -0*y, -3*f - y + 92 = 0. Suppose t + 55 = 6*t. Calculate the remainder when f is divided by t.
9
Suppose 2*l + 11 = 7*l + u, u = 2*l - 10. Let c(s) = 4*s + 1. What is the remainder when c(l) is divided by 10?
3
Suppose 3*w + 3 = -3*b + 12, -w - 4*b = -3. Suppose -w*r - r = -24. Let i(h) = h**2 + 2*h - 7. What is the remainder when i(-6) is divided by r?
5
Let a be (6/(-7))/(2/28). Suppose 0 = t - 6*t + 20. What is the remainder when 21 is divided by 18/t*(-16)/a?
3
Let p(t) = 17*t**3 - t**2 + 3*t - 1. Calculate the remainder when 287 is divided by p(1).
17
Suppose m - 3 = -2*h + 5, 4*h + 3*m = 20. What is the remainder when 3 is divided by h?
1
Suppose -523 = 3*z - 553. What is the remainder when 78 is divided by z?
8
Calculate the remainder when ((-44)/3)/(2/(-6)) is divided by 3/45*9 - (-231)/15.
12
Let q = -19 - -7. Let x = 19 + q. Calculate the remainder when 17 is divided by x.
3
Let p = 9 + -8. Let s be (-1 + (-2)/p)/(-1). Suppose -5*y + s*v + 31 = 0, 3*y = -2*y - 4*v + 52. Calculate the remainder when 28 is divided by y.
4
Suppose h = 3*s - 127 + 30, 158 = 5*s + 2*h. Let b(f) = f**3 + 6*f**2 + 3*f + 30. Calculate the remainder when s is divided by b(-6).
8
Let y = 54 - 94. Let s = y - -51. Calculate the remainder when (-2)/(-8) - 238/(-8) is divided by s.
8
Let p(o) = 2*o**2 + 2*o - 3. Let x be 3*4/36*30. Suppose -5*c + 193 - x = -3*l, 0 = -4*l + 16. Calculate the remainder when c is divided by p(3).
18
Suppose w - 3*w = 0. What is the remainder when 4*(-3)/6 - (-385)/35 is divided by (1 + -7)/(w + -1)?
3
Let m(w) = w**2 + 4*w + 34. Let n be m(-14). Calculate the remainder when (n/4)/(9/(-24)*-2) is divided by 16.
10
Let c = -36 - -11. Let a = 53 + c. What is the remainder when a is divided by 15?
13
Let y = -3 + -1. Let p(x) = x**3 - 15*x**2 + 37*x - 14. Let m be p(12). What is the remainder when (-38)/y - 1/m is divided by 7?
3
Let b(m) = m**2 - 7*m + 19. Suppose -5*n - 68 = -2*v, 2*n - 4*v + 3 + 21 = 0. Let t = 19 + n. Calculate the remainder when b(7) is divided by t.
4
Let q = -328 - -343. Suppose 0 = -3*a - 0*a + 63. Let m = a - q. What is the remainder when 17 is divided by m?
5
Let q(d) = -4*d + 15. Let m be q(3). Suppose -5*r + 68 = -162. Suppose m*t - r = t. What is the remainder when t is divided by 8?
7
Suppose -4*n - 3*s + 183 = 28, -3*s = -n + 20. What is the remainder when n is divided by 20?
15
Suppose -f + 0*f = -17. Calculate the remainder when 82 is divided by f.
14
Let b(j) = -j**2 - 6*j - 4. Let m be 3/(-6*(-3)/(-24)). Suppose -19 = 6*o - 109. Calculate the remainder when o is divided by b(m).
3
Calculate the remainder when 8160/(-153)*(-3)/2 is divided by 27.
26
Suppose 9*a - 8*a - 319 = 0. Suppose -5*u + 111 = -a. Calculate the remainder when u is divided by 29.
28
Suppose 2*k = 4*k - 5*b + 9, -5*k - b = -45. Let w = k + 11. What is the remainder when 53 + -4*(-3)/6 is divided by w?
17
Suppose -280 = -5*v - 5*v. What is the remainder when v is divided by 22?
6
Let x = 46 + -35. Suppose 10*t + 19 = x*t. Calculate the remainder when 52 is divided by t.
14
Suppose -499 - 426 = -5*g. Let n = 340 - g. Let j = n - 84. What is the remainder when j is divided by 18?
17
Let g = 1200 - 1146. Calculate the remainder when 402 is divided by g.
24
Suppose 4*q + 4*x + 1 = x, q = x - 9. Let z be (q/(-6))/(9/135). Suppose c - z = 5. Calculate the remainder when 42 is divided by c.
12
Let p(z) = z**3 + 8*z**2 - 10*z - 5. Let w = -4026 + 4037. What is the remainder when p(-8) is divided by w?
9
What is the remainder when (320/(-140))/(10/(-805)) is divided by 20?
4
Let j(s) = -s**3 + 33*s**2 - 27*s - 137. What is the remainder when 43 is divided by j(32)?
20
Let r(j) = 17*j**2 - 35*j + 67. What is the remainder when r(2) is divided by 53/3 - 2/3?
14
Suppose 15*g - g = 1498. Calculate the remainder when g is divided by (6/3 + 1)*12.
35
What is the remainder when 118 is divided by 10*((-9)/(-3) - (4 + -2))?
8
Let o(a) = -a**3 - a**2 + 2*a + 3. Let f be o(0). Let n = 5 - f. Suppose -n = u - 3*k + 5*k, -2*u + 14 = -2*k. Calculate the remainder when 13 is divided by u.
1
Let w = 1047 + -200. Calculate the remainder when w is divided by 85.
82
What is the remainder when (-6 + -1)/1 + 797 is divided by 11?
9
Suppose 3*w - 6*w = 42. Let j = w - -21. Suppose -3*b - 44 + 113 = 5*q, -5*q + b + 57 = 0. What is the remainder when q is divided by j?
5
Suppose -5*p + 25 = 4*g, 0 = 3*g + 3*p - 19 + 1. Calculate the remainder when 36 is divided by g.
1
Suppose 0 = -4*f - 12, -8*d + 4*f + 52 = -3*d. Suppose -3*k = -p - 3, -p = -0*k + 2*k - 7. Calculate the remainder when d is divided by p.
2
Suppose -5*o + 2*l + 87 = 0, o + 3*l + 45 = 4*o. What is the remainder when 36/(-8)*(0/10 + -8) is divided by o?
17
Suppose 5*w - 44 + 14 = 0. Let t(i) = 5*i. What is the remainder when t(3) is divided by w?
3
Let y(t) = t**3 - 8*t**2 - 6*t - 17. What is the remainder when y(10) is divided by 14?
11
Suppose -5*h = -519 - 81. What is the remainder when h is divided by 32?
24
Let a = -555 + 564. What is the remainder when 48 is divided by a?
3
Suppose 4*m - z = 14, -5*m = -0*m - z - 17. Suppose m*k = 33 + 51. Let v = -15 + k. Calculate the remainder when 23 is divided by v.
10
Suppose 2*w = p + 2*p + 38, 17 = -2*p + 3*w. Let u(h) = h**3 + 15*h**2 - 19*h - 10. Calculate the remainder when 72 is divided by u(p).
34
Let b = -6 - 6. What is the remainder when (1002/9)/(b/(-18)) is divided by 34?
31
Suppose